 + 8. Calculate p(a).
17
Let t be 2/(-9) + 360/162. Suppose 14 = -t*v - v - 4*s, 5*s + 29 = 2*v. Let u(x) be the first derivative of -x**4/4 + 2*x**3/3 + x**2 - 2*x - 1. Give u(v).
2
Let f(l) = -l**3 - 16*l**2 + 35*l - 13. Suppose -21*p - 702 = -15*p + 33*p. Calculate f(p).
5
Let c(t) be the second derivative of t**6/360 + t**5/40 - 187*t**4/12 - t**2/2 - 7*t + 1. Let v(g) be the third derivative of c(g). Give v(2).
7
Suppose 14*k - 50 = 4*k. Let r be (2 - (0 - -1))*(3 + 5). Suppose 0 = r*v - k*v - 6. Let i(w) = w - 1. Determine i(v).
1
Let x be 3*35/(-21) + 3/(-1). Let l(s) = s**3 + 5*s**2 - 24*s - 7. Give l(x).
-7
Let s(y) be the first derivative of 4*y**3 - 61*y**2 + 17*y - 4630. Calculate s(10).
-3
Let z(g) = -4*g - 6004 - g**2 + 3129 + 15*g + 2981. Calculate z(15).
46
Let a(n) = 32*n**2 + 12*n + 0*n**2 - 23 + 0*n**2 + 1 - 33*n**2. Give a(6).
14
Let s(x) = -2*x**2 + x - 1. Let b be (-2 + (-26)/(-12))/((-2)/(-24)). Let a(j) = j**3 + 16*j**2 - 16*j - 15. Let v(m) = b*s(m) + a(m). Determine v(-13).
-4
Let x(l) = 4*l - 26. Let c(y) = y + 3. Let q(i) = -6*c(i) - x(i). What is q(5)?
-42
Let v(j) = -j**2 - 3*j + 3. Let t be -3 + (0 - (1 - 185)) - 1. Let l be t/(-28) + ((-16)/28 - -1). Determine v(l).
-15
Let b(r) = -r**3 - r**2 - r - 6. Let x(n) = -n - 6. Let j be x(-8). Let k = 232 + -223. Let a be 0/((-21)/27 - j/k). Determine b(a).
-6
Let m be 10 - 4 - (-6 + 44). Let f be 5 - ((-36)/m - 1)*8. Let g(y) = y**2 - 3*y. Calculate g(f).
4
Let p(q) = -15110*q**3 - 9*q + 30223*q**3 + 7*q**2 - 1 - 15114*q**3. What is p(4)?
11
Let k(h) = -h**2 + 2*h + 3. Let z(v) = -29*v**2 - 5*v + 5. Let a be z(-5). Let g = a - -690. Determine k(g).
-32
Let s = -1573 + 1107. Let l be (-2)/21 + s/(-42). Let y(j) = j - 10. Calculate y(l).
1
Let x(j) = 5*j - 14. Let o = -6631 - -6627. What is x(o)?
-34
Let u(g) = -3*g**2 - 5*g + 9. Let a(i) = 386*i + 10 - 7 - 4*i**2 - 392*i + 7. Let y = -5 + 1. Let h(q) = y*a(q) + 5*u(q). Calculate h(0).
5
Let w(f) = -19*f + 83. Let q be (2 - 16) + (-16 - -34). What is w(q)?
7
Let x be (-1 - -1)*(-4)/(-8). Let h(p) be the second derivative of -1/6*p**3 + 9/2*p**2 + 12*p - 4. Give h(x).
9
Let u(z) = z**2 - 7*z + 5. Suppose 5*n - 3*y + 102 = 31, -4*n - 58 = -3*y. Let b(h) = -h**2 - 15*h - 22. Let c be b(n). Calculate u(c).
-7
Suppose 1 = 2*h + 13. Let k(p) = -12*p**3 + 12*p**2 - 70*p - 3. Let f(j) = 31*j**3 - 30*j**2 + 180*j + 7. Let q(n) = 7*f(n) + 18*k(n). Determine q(h).
-5
Suppose -56*p + 51*p = -10. Suppose 5*i = -4*d - 8 - 7, 0 = p*d - i + 11. Let w(a) = -a**2 - 6*a + 4. Calculate w(d).
9
Suppose 21*w - 13*w = 72. Suppose -w*f - 1215 = -14*f. Let u be (3/9)/(9/f). Let x(p) = -p**3 + 8*p**2 + 12*p - 13. Calculate x(u).
14
Let i(m) = m**2 - 8*m + 4. Let p = 1098 - 1142. Let h(v) = 12*v**2 + 2. Let o be h(-2). Let k = o + p. What is i(k)?
-8
Let x(h) = 2*h + 25. Suppose -332*d + 82 = 4730. Give x(d).
-3
Let n(v) = -13495551*v + 3 + 13495554*v + 6. Calculate n(1).
12
Let y(r) = -16*r - 12 + 0 + 2 + 26 + 7*r. What is y(6)?
-38
Let a(h) be the second derivative of -29 + h - 2*h**2 - 1/6*h**3. Suppose 0*x = 2*x. What is a(x)?
-4
Let y be (-1 + (-39)/(-9))/((-6)/9). Let z(l) be the second derivative of 5*l - 1/20*l**5 + 1/3*l**3 + 2*l**2 + 0 - 5/12*l**4. Calculate z(y).
-6
Let u be ((-776)/224 - (-2)/(-7)) + 4. Let y(t) be the third derivative of 0 + 1/6*t**3 + u*t**4 + 0*t + 8*t**2. Give y(1).
7
Let w(m) = -3*m**2 + 3*m + 7. Let d(x) = -151*x - 2117. Let z be d(-14). What is w(z)?
-29
Let g(c) = -2*c**2 - 107*c - 760. Let r be g(-45). Let f(t) = t**3 - 11*t**2 + 32*t - 7. Give f(r).
3
Let v(o) = o**3 + 2*o**2 - o - 4. Suppose -13*w + 32 + 20 = 0. Let u be w/20 + 1/(-5). What is v(u)?
-4
Suppose 19*a - 23 = 20*a - 3*d, 0 = 3*a - 4*d + 34. Let s(i) = 11*i + 6. Calculate s(a).
-16
Let h = -2012 - -2018. Let v(d) = d**2 - 7*d + 1. Give v(h).
-5
Let h(u) = u**3 + 14*u**2 - 17*u - 27. Let n(l) = -2*l**2 + l + 2. Let t(x) = -h(x) - 9*n(x). Determine t(7).
-82
Let h(g) = -3*g. Let a(i) = i. Suppose 27*n - 6 = 21*n. Let o(m) = m + 13. Let q be o(-9). Let z(v) = n*h(v) + q*a(v). Give z(-4).
-4
Let s(l) = 9*l + 38. Suppose 227*r + 21*r = 31*r - 1085. Determine s(r).
-7
Let n(q) = -1503*q + 10*q**2 - 1518*q - 3*q**3 + 3011*q + 2*q**3 - 6. Calculate n(9).
-15
Let d(h) = h - 2. Suppose 4*p + 347 = 5*r, 204 - 554 = -5*r + 5*p. Let c = -54 + r. Let v = c - 6. What is d(v)?
5
Let s be 5 - (-2)/(-1 - -3)*-1. Suppose -5*n - 4*q = -4*n + 3, s*q + 48 = 4*n. Let v(c) be the second derivative of c**3/6 - 4*c**2 + c. What is v(n)?
1
Suppose m - 6 = -2, 5*m = 3*y + 11. Let f(w) = y*w**2 - 2*w**2 - 15 + 0*w**2 + 8*w + 16. Let v be (-34)/4 + -6 + (-65)/(-10). Determine f(v).
1
Suppose -2*c - 3*u + 10080 = 0, c - 4856 - 184 = 4*u. Let p(t) = 12*t**2 - c - 3*t**3 + 14*t + 5032 + 2*t**3. What is p(13)?
5
Let b(j) = -165 - 134 - 17*j + 298 + 5*j. Determine b(3).
-37
Let n(m) = 4*m**2 + 3. Let d(o) = 4*o**2 + 4. Let z = -481 - -485. Let g(p) = z*n(p) - 3*d(p). Suppose -5*h - 4*b + 1 = 0, 1 - 6 = -4*h + b. Give g(h).
4
Suppose 33 = 10*s - 47. Let c(v) be the first derivative of -v**4/4 + 8*v**3/3 - 5*v - 448. What is c(s)?
-5
Let k(j) be the second derivative of -1/6*j**4 + 5/2*j**2 + 0 - 198*j + 11/6*j**3. Give k(8).
-35
Suppose -3*i - 4*k + 41 = k, -51 = -4*i - 3*k. Suppose -2*z = -c, -2*z - 16*c = -20*c - i. Let l(n) = 2*n - 2. What is l(z)?
-6
Let y(g) be the first derivative of -g**3/3 + 5*g**2/2 + 13*g - 1894. Suppose 0 = 9*z - 7*z + 2*s - 8, 4*s = -8. What is y(z)?
7
Let g(z) be the first derivative of 0*z + 29 + 2/3*z**3 + 1/2*z**2. Give g(-5).
45
Let g(p) = 2 - 8 + 31 - 5*p**2 - 1 + 11*p - 7. Give g(3).
5
Let w(s) be the first derivative of -9*s**2/2 - 59*s - 2969. What is w(-9)?
22
Let g(j) be the first derivative of 265 + 2*j - 5/2*j**2 + 2/3*j**3. Calculate g(4).
14
Let g(c) = 3*c**2 + 19*c + 39. Let m be (-60)/(-33) - 2 - -53*6/(-66). Give g(m).
19
Let t(m) be the first derivative of m**7/840 - m**6/72 + m**5/60 + m**4/8 - 58*m**3/3 + 50. Let q(d) be the third derivative of t(d). What is q(4)?
-5
Let b = -321 + 332. Suppose 2*a - 6*a = -108. Let m(s) = -11*s + 9 + 13 + s**2 - a. Give m(b).
-5
Let v(k) = 5*k**2 + k - 2. Suppose -z + y + 7 = 0, 16*z = 18*z - y - 8. Give v(z).
4
Let f = 100 + -70. Suppose 0 = -2*u - 3*u - a - f, -4*a = 0. Let n(v) = -v**2 - 7*v. Give n(u).
6
Let j(n) = 5*n**2 + 18*n + 51. Let y(x) = x**2 + 5*x + 11. Let v(d) = 2*j(d) - 9*y(d). Determine v(9).
3
Let x(p) = -2*p**2 + p + 30. Let n(b) = -b. Let h(z) = 3*n(z) + x(z). Calculate h(5).
-30
Suppose 7 = -2*b - 5. Let m(p) = p**2 - 24*p + 1. Let j be m(24). Let y(u) = 21*u - 2 + j - 20*u. What is y(b)?
-7
Let b be (-39)/156*4/3*(1 - -14). Let i(t) = t**3 + 2*t**2 - 13*t - 34. Give i(b).
-44
Let r(y) = y**3 + 4*y**2 - 8*y - 5. Suppose 0 = 3*p - 2*f - 190, 5*p = 6*p + 2*f - 66. Let a be 4/(p/20)*(-44)/11. What is r(a)?
10
Let y be (-6)/45*9/15 - (-30502)/3775. Let w(o) be the third derivative of o**5/60 - 5*o**4/12 + 7*o**3/6 - 6*o**2. Calculate w(y).
-9
Let d be (-2 - (-1 - 2)) + (5 - 6). Suppose -p = -9*u + 12*u - 14, 4*p + 3*u - 20 = d. Let l(h) = -h - 3. What is l(p)?
-5
Let c be -6*(5/(5/(-3)) + 4). Let k(o) = -5*o**2 + 18*o + 2. Let q(u) = -6*u**2 + 20*u + 3. Let w(y) = c*q(y) + 7*k(y). Determine w(-7).
3
Suppose 5*n = 4*n + 3. Let h be (-17 + 1)*(-1)/2. Let x(u) = -3 + u**3 - 1 + 0*u**n - h + u. Give x(0).
-12
Let w = -2 - -8. Let j(b) = 8*b + 6*b**2 - 102 - 12*b - 2*b**3 + 231 - 122 + b**3. Give j(w).
-17
Let w(p) = p**3 - 8*p**2 - 10*p - 4. Let n(o) = o**3 - 8*o**2 - 2*o + 71. Let y be n(7). Determine w(y).
-84
Let y(c) be the second derivative of c**5/20 - c**4/2 + 3*c**2 - 9576*c. Let a = -33 + 60. Suppose 5*i + r = a, -10 + 1 = -2*i - r. Calculate y(i).
6
Let p = 5534 + -5530. Let c(l) = -24*l + 10. Calculate c(p).
-86
Suppose 0 = -3*a + 4*a - 45. Suppose m - a = -8*m. Let l(g) = -g**3 + 6*g**2 - 8*g - 11. Let v(n) = -n - 1. Let s(b) = -l(b) + 4*v(b). What is s(m)?
2
Let z(c) = 22*c + 2. Let w be z(4). Let i = w - 96. Let y(l) be the first derivative of -l**2/2 - 11*l + 3. What is y(i)?
-5
Let d(c) be the second derivative of -c**4/12 - c**3/3 - 3*c**2 - 19606*c. Let z be ((-4)/(-6) - 0)*-6. Give d(z).
-14
Let x(r) = r**3 - 5*r**2 - 4*r - 6. Suppose -13456*p + 13416*p + 280 =